{"id":30,"date":"2025-10-12T09:18:28","date_gmt":"2025-10-12T09:18:28","guid":{"rendered":"https:\/\/mmacluj.ro\/gym\/?page_id=30"},"modified":"2025-10-18T18:00:26","modified_gmt":"2025-10-18T18:00:26","slug":"bjj-cluj","status":"publish","type":"page","link":"https:\/\/mmacluj.ro\/gym\/bjj-cluj\/","title":{"rendered":"Cursuri de BJJ &#8211; Brazilian Jiu Jitsu la MMA Transilvania Cluj-Napoca gym"},"content":{"rendered":"\n<h2 class=\"wp-block-heading\">Cursuri de BJJ &#8211; Brazilian Jiu Jitsu la MMA Transilvania Cluj-Napoca gym<\/h2>\n\n\n\n<h3 class=\"wp-block-heading has-text-align-center\">Cursuri de BJJ &#8211; Brazilian Jiu Jitsu pentru \u00eencep\u0103tori \u00een Cluj \u2013 MMA Transilvania Cluj Gym<\/h3>\n\n\n<div class=\"wp-block-image\">\n<figure class=\"aligncenter size-full\"><img loading=\"lazy\" decoding=\"async\" width=\"757\" height=\"733\" src=\"https:\/\/mmacluj.ro\/gym\/wp-content\/uploads\/2025\/10\/arena-jiu-jiutsu-cluj.jpg\" alt=\"Arena Jiu Jiutsu Cluj\" class=\"wp-image-204\" srcset=\"https:\/\/mmacluj.ro\/gym\/wp-content\/uploads\/2025\/10\/arena-jiu-jiutsu-cluj.jpg 757w, https:\/\/mmacluj.ro\/gym\/wp-content\/uploads\/2025\/10\/arena-jiu-jiutsu-cluj-300x290.jpg 300w\" sizes=\"auto, (max-width: 757px) 100vw, 757px\" \/><figcaption class=\"wp-element-caption\">Arena Jiu Jiutsu Cluj<\/figcaption><\/figure>\n<\/div>\n\n\n<h2 class=\"wp-block-heading\">Starting from <strong>November 1st, 2025<\/strong>, we are launching <strong>Brazilian Jiu-Jitsu (BJJ Gi) classes<\/strong> at the <strong>Mixed Martial Arts Transilvania Cluj-Napoca<\/strong> sports club \u2013 <strong>MMA Transilvania<\/strong>.<\/h2>\n\n\n\n<p>Nou! Clasa de BJJ Gi la Arena Jiujitsu Cluj \u2013 \u00cencepem pe 1 Noiembrie 2025<\/p>\n\n\n\n<p><strong>E\u0219ti elev sau student \u00een Cluj \u0219i vrei s\u0103 \u00eenve\u021bi Brazilian Jiu-Jitsu?<\/strong> Din 1 noiembrie 2025, <strong>Arena Jiujitsu Cluj<\/strong>, parte din clubul <strong>MMA Transilvania<\/strong>, deschide <strong>o nou\u0103 grup\u0103 de BJJ Gi<\/strong>, dedicat\u0103 \u00eencep\u0103torilor \u0219i celor care vor s\u0103 se perfec\u021bioneze \u00een arta grappling-ului.<\/p>\n\n\n\n<p>\u2705 <strong>Antrenori profesioni\u0219ti<\/strong> cu experien\u021b\u0103 \u00een competi\u021bii na\u021bionale \u0219i interna\u021bionale<br>\u2705 <strong>Reduceri speciale pentru elevi \u0219i studen\u021bi<\/strong><br>\u2705 <strong>Primul antrenament gratuit \u2013 vino s\u0103 \u00eencerci!<\/strong><br>\u2705 Mediu sigur, prietenos \u0219i motiva\u021bional<\/p>\n\n\n\n<p>\ud83d\udccd Ne g\u0103se\u0219ti \u00een incinta <strong>Cluj Arena Gym<\/strong>, \u00een inima ora\u0219ului Cluj-Napoca.<\/p>\n\n\n\n<hr class=\"wp-block-separator has-alpha-channel-opacity\"\/>\n\n\n\n<p><strong>\u00censcrie-te acum la cursurile de Brazilian Jiu-Jitsu Cluj (BJJ Gi)<\/strong> \u0219i f\u0103 parte din cea mai nou\u0103 \u0219i energic\u0103 comunitate de arte mar\u021biale din ora\u0219!<br>\ud83d\udc49 <em>Locuri limitate \u2013 rezerv\u0103-\u021bi locul ast\u0103zi!<\/em><\/p>\n\n\n\n<p><strong>Orarul antrenamentelor va fi urm\u0103torul:<\/strong><\/p>\n\n\n\n<p><strong>Marti \/ Tuesday from 19:00-20:15<\/strong><\/p>\n\n\n\n<p><strong>Joi \/ Thursday from 19:00-20:15<\/strong><\/p>\n\n\n\n<p><strong>Arena Jiujitsu Cluj <\/strong>te asteapta la antrenamente la cel mai puternic club de sporturi de lupta din Cluj-Napoca!<\/p>\n\n\n\n<p class=\"has-text-align-center\"><strong><a href=\"https:\/\/mmacluj.ro\/gym\/orar\/\">Class Schedule &#8211; Orar Cursuri &#8211; Grupe de Antrenament &#8211; Training Program<\/a><\/strong><\/p>\n\n\n\n<p><strong>MMA Transilvania Cluj Arena Gym<\/strong> is the first and best MMA fighting club in Cluj.<br>Come and try a free training session with our <strong>MMA, Kickboxing, Muay Thai, Grappling, BJJ No-Gi, Karate Kombat<\/strong> trainers!<\/p>\n\n\n\n<h3 class=\"wp-block-heading\">What do we offer at MMA Transilvania Cluj Arena?<\/h3>\n\n\n\n<ul class=\"wp-block-list\">\n<li><strong>MMA Courses in Cluj<\/strong> \u2013 Training for Beginners &amp; Advanced<\/li>\n\n\n\n<li><strong>Kickboxing in Cluj<\/strong> \u2013 Fitness, Self-Defense, and Performance<\/li>\n\n\n\n<li><strong>Martial Arts for Kids in Cluj<\/strong> \u2013 Muay Thai Kids, MMA, BJJ, Self-Defense<\/li>\n\n\n\n<li><strong>Kickboxing for Women in Cluj<\/strong> \u2013 Get Fit &amp; Train<\/li>\n\n\n\n<li><strong>BJJ Cluj<\/strong> \u2013 Brazilian Jiu-Jitsu Gi \/ No-Gi for All Levels<\/li>\n\n\n\n<li><strong>Muay Thai Performance<\/strong> \u2013 Compete in National and International Events<\/li>\n\n\n\n<li><strong>Free MMA Class in Cluj<\/strong> \u2013 Try It Free the First Time<\/li>\n\n\n\n<li><strong>Special Offer for Students and Pupils<\/strong>: 1+1 Free (*2 months)<\/li>\n<\/ul>\n\n\n\n<p class=\"has-text-align-center\"><strong><a href=\"https:\/\/mmacluj.ro\/gym\/orar\/\">Class Schedule &#8211; Orar Cursuri &#8211; Grupe de Antrenament &#8211; Training Program<\/a><\/strong><\/p>\n\n\n\n<p><\/p>\n\n\n\n<p><\/p>\n\n\n\n<p><\/p>\n\n\n\n<p><\/p>\n\n\n\n<p><\/p>\n\n\n\n<h2 class=\"wp-block-heading has-text-align-center\">jiu jitsu cluj napoca, academia de jiu jitsu, bjj cluj, cluj arena fitness, cluj arena gym, jiu jitsu cluj, mma cluj, mma transilvania napoca, bjj, sala fitness cluj arena, arena bjj cluj, arena bjj, <br>(BJJ)Brazilian Power Team (BPT) Romania Cluj-Napoca Academy,Jiu Jitsu,arena brazilian jiu jitsu, NAPOCA JIU JITSU ACADEMY, jiu jitsu brazilian, brasilian jiu jitsu, bjj brazilian ju jitsu, ju jitsu, jujitsu brazilian cluj, mmacluj, mma cluj<\/h2>\n","protected":false},"excerpt":{"rendered":"<p>Cursuri de BJJ &#8211; Brazilian Jiu Jitsu la MMA Transilvania Cluj-Napoca gym Cursuri de BJJ &#8211; Brazilian Jiu Jitsu pentru \u00eencep\u0103tori \u00een Cluj \u2013 MMA Transilvania Cluj Gym Starting from November 1st, 2025, we are launching Brazilian Jiu-Jitsu (BJJ Gi) classes at the Mixed Martial Arts Transilvania Cluj-Napoca sports club \u2013 MMA Transilvania. Nou! Clasa [&hellip;]<\/p>\n","protected":false},"author":1,"featured_media":204,"parent":0,"menu_order":0,"comment_status":"closed","ping_status":"closed","template":"","meta":{"pagelayer_contact_templates":[],"_pagelayer_content":"","footnotes":""},"class_list":["post-30","page","type-page","status-publish","has-post-thumbnail","hentry"],"yoast_head":"<!-- This site is optimized with the Yoast SEO plugin v26.2 - https:\/\/yoast.com\/wordpress\/plugins\/seo\/ -->\n<title>arena jiu jitsu cluj<\/title>\n<meta name=\"description\" content=\"Cursuri de BJJ - Brazilian Jiu Jitsu pentru \u00eencep\u0103tori \u00een Cluj \u2013 MMA Transilvania Cluj Gym. Try a free BJJ training at Arena Jiu Jitsu Cluj\" \/>\n<meta name=\"robots\" content=\"index, follow, max-snippet:-1, max-image-preview:large, max-video-preview:-1\" \/>\n<link rel=\"canonical\" href=\"https:\/\/mmacluj.ro\/gym\/bjj-cluj\/\" \/>\n<meta property=\"og:locale\" content=\"en_US\" \/>\n<meta property=\"og:type\" content=\"article\" \/>\n<meta property=\"og:title\" content=\"arena jiu jitsu cluj\" \/>\n<meta property=\"og:description\" content=\"Cursuri de BJJ - Brazilian Jiu Jitsu pentru \u00eencep\u0103tori \u00een Cluj \u2013 MMA Transilvania Cluj Gym. Try a free BJJ training at Arena Jiu Jitsu Cluj\" \/>\n<meta property=\"og:url\" content=\"https:\/\/mmacluj.ro\/gym\/bjj-cluj\/\" \/>\n<meta property=\"og:site_name\" content=\"MMA Transilvania Cluj-Napoca - Best Gym, Best Trainers\" \/>\n<meta property=\"article:publisher\" content=\"https:\/\/www.facebook.com\/mmatransilvania\/\" \/>\n<meta property=\"article:modified_time\" content=\"2025-10-18T18:00:26+00:00\" \/>\n<meta property=\"og:image\" content=\"https:\/\/mmacluj.ro\/gym\/wp-content\/uploads\/2025\/10\/arena-jiu-jiutsu-cluj.jpg\" \/>\n\t<meta property=\"og:image:width\" content=\"757\" \/>\n\t<meta property=\"og:image:height\" content=\"733\" \/>\n\t<meta property=\"og:image:type\" content=\"image\/jpeg\" \/>\n<meta name=\"twitter:card\" content=\"summary_large_image\" \/>\n<meta name=\"twitter:label1\" content=\"Est. reading time\" \/>\n\t<meta name=\"twitter:data1\" content=\"3 minutes\" \/>\n<script type=\"application\/ld+json\" class=\"yoast-schema-graph\">{\"@context\":\"https:\/\/schema.org\",\"@graph\":[{\"@type\":\"WebPage\",\"@id\":\"https:\/\/mmacluj.ro\/gym\/bjj-cluj\/\",\"url\":\"https:\/\/mmacluj.ro\/gym\/bjj-cluj\/\",\"name\":\"arena jiu jitsu cluj\",\"isPartOf\":{\"@id\":\"https:\/\/mmacluj.ro\/gym\/#website\"},\"primaryImageOfPage\":{\"@id\":\"https:\/\/mmacluj.ro\/gym\/bjj-cluj\/#primaryimage\"},\"image\":{\"@id\":\"https:\/\/mmacluj.ro\/gym\/bjj-cluj\/#primaryimage\"},\"thumbnailUrl\":\"https:\/\/mmacluj.ro\/gym\/wp-content\/uploads\/2025\/10\/arena-jiu-jiutsu-cluj.jpg\",\"datePublished\":\"2025-10-12T09:18:28+00:00\",\"dateModified\":\"2025-10-18T18:00:26+00:00\",\"description\":\"Cursuri de BJJ - Brazilian Jiu Jitsu pentru \u00eencep\u0103tori \u00een Cluj \u2013 MMA Transilvania Cluj Gym. Try a free BJJ training at Arena Jiu Jitsu Cluj\",\"breadcrumb\":{\"@id\":\"https:\/\/mmacluj.ro\/gym\/bjj-cluj\/#breadcrumb\"},\"inLanguage\":\"en-US\",\"potentialAction\":[{\"@type\":\"ReadAction\",\"target\":[\"https:\/\/mmacluj.ro\/gym\/bjj-cluj\/\"]}]},{\"@type\":\"ImageObject\",\"inLanguage\":\"en-US\",\"@id\":\"https:\/\/mmacluj.ro\/gym\/bjj-cluj\/#primaryimage\",\"url\":\"https:\/\/mmacluj.ro\/gym\/wp-content\/uploads\/2025\/10\/arena-jiu-jiutsu-cluj.jpg\",\"contentUrl\":\"https:\/\/mmacluj.ro\/gym\/wp-content\/uploads\/2025\/10\/arena-jiu-jiutsu-cluj.jpg\",\"width\":757,\"height\":733,\"caption\":\"Arena Jiu Jiutsu Cluj\"},{\"@type\":\"BreadcrumbList\",\"@id\":\"https:\/\/mmacluj.ro\/gym\/bjj-cluj\/#breadcrumb\",\"itemListElement\":[{\"@type\":\"ListItem\",\"position\":1,\"name\":\"Home\",\"item\":\"https:\/\/mmacluj.ro\/gym\/\"},{\"@type\":\"ListItem\",\"position\":2,\"name\":\"Cursuri de BJJ &#8211; Brazilian Jiu Jitsu la MMA Transilvania Cluj-Napoca gym\"}]},{\"@type\":\"WebSite\",\"@id\":\"https:\/\/mmacluj.ro\/gym\/#website\",\"url\":\"https:\/\/mmacluj.ro\/gym\/\",\"name\":\"MMA Transilvania Cluj-Napoca - Best Gym, Best Trainers\",\"description\":\"MMA, Muay Thai, Kickboxing, Grappling, Submission, BJJ, Karate Kombat, Box - Best Gym, Best Trainers\",\"publisher\":{\"@id\":\"https:\/\/mmacluj.ro\/gym\/#organization\"},\"potentialAction\":[{\"@type\":\"SearchAction\",\"target\":{\"@type\":\"EntryPoint\",\"urlTemplate\":\"https:\/\/mmacluj.ro\/gym\/?s={search_term_string}\"},\"query-input\":{\"@type\":\"PropertyValueSpecification\",\"valueRequired\":true,\"valueName\":\"search_term_string\"}}],\"inLanguage\":\"en-US\"},{\"@type\":\"Organization\",\"@id\":\"https:\/\/mmacluj.ro\/gym\/#organization\",\"name\":\"MMA Transilvania Cluj-Napoca - Best Gym, Best Trainers\",\"url\":\"https:\/\/mmacluj.ro\/gym\/\",\"logo\":{\"@type\":\"ImageObject\",\"inLanguage\":\"en-US\",\"@id\":\"https:\/\/mmacluj.ro\/gym\/#\/schema\/logo\/image\/\",\"url\":\"https:\/\/mmacluj.ro\/gym\/wp-content\/uploads\/2025\/10\/SIGLA-MMA.png\",\"contentUrl\":\"https:\/\/mmacluj.ro\/gym\/wp-content\/uploads\/2025\/10\/SIGLA-MMA.png\",\"width\":480,\"height\":480,\"caption\":\"MMA Transilvania Cluj-Napoca - Best Gym, Best Trainers\"},\"image\":{\"@id\":\"https:\/\/mmacluj.ro\/gym\/#\/schema\/logo\/image\/\"},\"sameAs\":[\"https:\/\/www.facebook.com\/mmatransilvania\/\",\"https:\/\/www.instagram.com\/mma.transilvania\/\",\"https:\/\/www.youtube.com\/@mma.transilvania\",\"https:\/\/www.tiktok.com\/@www.mmacluj.com\"]}]}<\/script>\n<!-- \/ Yoast SEO plugin. -->","yoast_head_json":{"title":"arena jiu jitsu cluj","description":"Cursuri de BJJ - Brazilian Jiu Jitsu pentru \u00eencep\u0103tori \u00een Cluj \u2013 MMA Transilvania Cluj Gym. Try a free BJJ training at Arena Jiu Jitsu Cluj","robots":{"index":"index","follow":"follow","max-snippet":"max-snippet:-1","max-image-preview":"max-image-preview:large","max-video-preview":"max-video-preview:-1"},"canonical":"https:\/\/mmacluj.ro\/gym\/bjj-cluj\/","og_locale":"en_US","og_type":"article","og_title":"arena jiu jitsu cluj","og_description":"Cursuri de BJJ - Brazilian Jiu Jitsu pentru \u00eencep\u0103tori \u00een Cluj \u2013 MMA Transilvania Cluj Gym. Try a free BJJ training at Arena Jiu Jitsu Cluj","og_url":"https:\/\/mmacluj.ro\/gym\/bjj-cluj\/","og_site_name":"MMA Transilvania Cluj-Napoca - Best Gym, Best Trainers","article_publisher":"https:\/\/www.facebook.com\/mmatransilvania\/","article_modified_time":"2025-10-18T18:00:26+00:00","og_image":[{"width":757,"height":733,"url":"https:\/\/mmacluj.ro\/gym\/wp-content\/uploads\/2025\/10\/arena-jiu-jiutsu-cluj.jpg","type":"image\/jpeg"}],"twitter_card":"summary_large_image","twitter_misc":{"Est. reading time":"3 minutes"},"schema":{"@context":"https:\/\/schema.org","@graph":[{"@type":"WebPage","@id":"https:\/\/mmacluj.ro\/gym\/bjj-cluj\/","url":"https:\/\/mmacluj.ro\/gym\/bjj-cluj\/","name":"arena jiu jitsu cluj","isPartOf":{"@id":"https:\/\/mmacluj.ro\/gym\/#website"},"primaryImageOfPage":{"@id":"https:\/\/mmacluj.ro\/gym\/bjj-cluj\/#primaryimage"},"image":{"@id":"https:\/\/mmacluj.ro\/gym\/bjj-cluj\/#primaryimage"},"thumbnailUrl":"https:\/\/mmacluj.ro\/gym\/wp-content\/uploads\/2025\/10\/arena-jiu-jiutsu-cluj.jpg","datePublished":"2025-10-12T09:18:28+00:00","dateModified":"2025-10-18T18:00:26+00:00","description":"Cursuri de BJJ - Brazilian Jiu Jitsu pentru \u00eencep\u0103tori \u00een Cluj \u2013 MMA Transilvania Cluj Gym. Try a free BJJ training at Arena Jiu Jitsu Cluj","breadcrumb":{"@id":"https:\/\/mmacluj.ro\/gym\/bjj-cluj\/#breadcrumb"},"inLanguage":"en-US","potentialAction":[{"@type":"ReadAction","target":["https:\/\/mmacluj.ro\/gym\/bjj-cluj\/"]}]},{"@type":"ImageObject","inLanguage":"en-US","@id":"https:\/\/mmacluj.ro\/gym\/bjj-cluj\/#primaryimage","url":"https:\/\/mmacluj.ro\/gym\/wp-content\/uploads\/2025\/10\/arena-jiu-jiutsu-cluj.jpg","contentUrl":"https:\/\/mmacluj.ro\/gym\/wp-content\/uploads\/2025\/10\/arena-jiu-jiutsu-cluj.jpg","width":757,"height":733,"caption":"Arena Jiu Jiutsu Cluj"},{"@type":"BreadcrumbList","@id":"https:\/\/mmacluj.ro\/gym\/bjj-cluj\/#breadcrumb","itemListElement":[{"@type":"ListItem","position":1,"name":"Home","item":"https:\/\/mmacluj.ro\/gym\/"},{"@type":"ListItem","position":2,"name":"Cursuri de BJJ &#8211; Brazilian Jiu Jitsu la MMA Transilvania Cluj-Napoca gym"}]},{"@type":"WebSite","@id":"https:\/\/mmacluj.ro\/gym\/#website","url":"https:\/\/mmacluj.ro\/gym\/","name":"MMA Transilvania Cluj-Napoca - Best Gym, Best Trainers","description":"MMA, Muay Thai, Kickboxing, Grappling, Submission, BJJ, Karate Kombat, Box - Best Gym, Best Trainers","publisher":{"@id":"https:\/\/mmacluj.ro\/gym\/#organization"},"potentialAction":[{"@type":"SearchAction","target":{"@type":"EntryPoint","urlTemplate":"https:\/\/mmacluj.ro\/gym\/?s={search_term_string}"},"query-input":{"@type":"PropertyValueSpecification","valueRequired":true,"valueName":"search_term_string"}}],"inLanguage":"en-US"},{"@type":"Organization","@id":"https:\/\/mmacluj.ro\/gym\/#organization","name":"MMA Transilvania Cluj-Napoca - Best Gym, Best Trainers","url":"https:\/\/mmacluj.ro\/gym\/","logo":{"@type":"ImageObject","inLanguage":"en-US","@id":"https:\/\/mmacluj.ro\/gym\/#\/schema\/logo\/image\/","url":"https:\/\/mmacluj.ro\/gym\/wp-content\/uploads\/2025\/10\/SIGLA-MMA.png","contentUrl":"https:\/\/mmacluj.ro\/gym\/wp-content\/uploads\/2025\/10\/SIGLA-MMA.png","width":480,"height":480,"caption":"MMA Transilvania Cluj-Napoca - Best Gym, Best Trainers"},"image":{"@id":"https:\/\/mmacluj.ro\/gym\/#\/schema\/logo\/image\/"},"sameAs":["https:\/\/www.facebook.com\/mmatransilvania\/","https:\/\/www.instagram.com\/mma.transilvania\/","https:\/\/www.youtube.com\/@mma.transilvania","https:\/\/www.tiktok.com\/@www.mmacluj.com"]}]}},"_links":{"self":[{"href":"https:\/\/mmacluj.ro\/gym\/wp-json\/wp\/v2\/pages\/30","targetHints":{"allow":["GET"]}}],"collection":[{"href":"https:\/\/mmacluj.ro\/gym\/wp-json\/wp\/v2\/pages"}],"about":[{"href":"https:\/\/mmacluj.ro\/gym\/wp-json\/wp\/v2\/types\/page"}],"author":[{"embeddable":true,"href":"https:\/\/mmacluj.ro\/gym\/wp-json\/wp\/v2\/users\/1"}],"replies":[{"embeddable":true,"href":"https:\/\/mmacluj.ro\/gym\/wp-json\/wp\/v2\/comments?post=30"}],"version-history":[{"count":5,"href":"https:\/\/mmacluj.ro\/gym\/wp-json\/wp\/v2\/pages\/30\/revisions"}],"predecessor-version":[{"id":214,"href":"https:\/\/mmacluj.ro\/gym\/wp-json\/wp\/v2\/pages\/30\/revisions\/214"}],"wp:featuredmedia":[{"embeddable":true,"href":"https:\/\/mmacluj.ro\/gym\/wp-json\/wp\/v2\/media\/204"}],"wp:attachment":[{"href":"https:\/\/mmacluj.ro\/gym\/wp-json\/wp\/v2\/media?parent=30"}],"curies":[{"name":"wp","href":"https:\/\/api.w.org\/{rel}","templated":true}]}}